{"id":727,"date":"2025-01-08T13:31:54","date_gmt":"2025-01-08T12:31:54","guid":{"rendered":"https:\/\/marseillenapoli.com\/?page_id=727"},"modified":"2026-01-25T09:00:38","modified_gmt":"2026-01-25T08:00:38","slug":"infos-pratique-fr","status":"publish","type":"page","link":"https:\/\/marseillenapoli.com\/?page_id=727","title":{"rendered":"INFOS PRATIQUE FR"},"content":{"rendered":"\t\t<div data-elementor-type=\"wp-page\" data-elementor-id=\"727\" class=\"elementor elementor-727\">\n\t\t\t\t<div class=\"elementor-element elementor-element-34f3eb5 e-grid e-con-boxed e-con e-parent\" data-id=\"34f3eb5\" data-element_type=\"container\">\n\t\t\t\t\t<div class=\"e-con-inner\">\n\t\t\t\t<div class=\"elementor-element elementor-element-e83b29b elementor-widget elementor-widget-image\" data-id=\"e83b29b\" data-element_type=\"widget\" data-settings=\"{&quot;_animation_mobile&quot;:&quot;fadeIn&quot;}\" data-widget_type=\"image.default\">\n\t\t\t\t<div class=\"elementor-widget-container\">\n\t\t\t\t\t\t\t\t\t\t\t\t\t\t\t<img fetchpriority=\"high\" decoding=\"async\" width=\"1000\" height=\"383\" src=\"https:\/\/marseillenapoli.com\/wp-content\/uploads\/2024\/12\/image-vide.png\" class=\"elementor-animation-grow attachment-large size-large wp-image-142\" alt=\"\" srcset=\"https:\/\/marseillenapoli.com\/wp-content\/uploads\/2024\/12\/image-vide.png 1000w, https:\/\/marseillenapoli.com\/wp-content\/uploads\/2024\/12\/image-vide-300x115.png 300w, https:\/\/marseillenapoli.com\/wp-content\/uploads\/2024\/12\/image-vide-768x294.png 768w\" sizes=\"(max-width: 1000px) 100vw, 1000px\" \/>\t\t\t\t\t\t\t\t\t\t\t\t\t\t\t<\/div>\n\t\t\t\t<\/div>\n\t\t\t\t<div class=\"elementor-element elementor-element-bcf1d7b elementor-widget elementor-widget-image\" data-id=\"bcf1d7b\" data-element_type=\"widget\" data-settings=\"{&quot;_animation_mobile&quot;:&quot;fadeIn&quot;}\" data-widget_type=\"image.default\">\n\t\t\t\t<div class=\"elementor-widget-container\">\n\t\t\t\t\t\t\t\t\t\t\t\t\t\t\t\t<a href=\"http:\/\/mar\">\n\t\t\t\t\t\t\t<img decoding=\"async\" width=\"1024\" height=\"366\" src=\"https:\/\/marseillenapoli.com\/wp-content\/uploads\/2024\/12\/italiano-1024x366.png\" class=\"elementor-animation-grow attachment-large size-large wp-image-334\" alt=\"\" srcset=\"https:\/\/marseillenapoli.com\/wp-content\/uploads\/2024\/12\/italiano-1024x366.png 1024w, https:\/\/marseillenapoli.com\/wp-content\/uploads\/2024\/12\/italiano-300x107.png 300w, https:\/\/marseillenapoli.com\/wp-content\/uploads\/2024\/12\/italiano-768x275.png 768w, https:\/\/marseillenapoli.com\/wp-content\/uploads\/2024\/12\/italiano-1536x549.png 1536w, https:\/\/marseillenapoli.com\/wp-content\/uploads\/2024\/12\/italiano.png 1994w\" sizes=\"(max-width: 1024px) 100vw, 1024px\" \/>\t\t\t\t\t\t\t\t<\/a>\n\t\t\t\t\t\t\t\t\t\t\t\t\t\t\t<\/div>\n\t\t\t\t<\/div>\n\t\t\t\t<div class=\"elementor-element elementor-element-029cba2 elementor-widget elementor-widget-image\" data-id=\"029cba2\" data-element_type=\"widget\" data-settings=\"{&quot;_animation_mobile&quot;:&quot;fadeIn&quot;}\" data-widget_type=\"image.default\">\n\t\t\t\t<div class=\"elementor-widget-container\">\n\t\t\t\t\t\t\t\t\t\t\t\t\t\t\t\t<a href=\"https:\/\/marseillenapoli.com\/?page_id=831\">\n\t\t\t\t\t\t\t<img decoding=\"async\" width=\"1024\" height=\"366\" src=\"https:\/\/marseillenapoli.com\/wp-content\/uploads\/2024\/12\/english-1024x366.png\" class=\"elementor-animation-grow attachment-large size-large wp-image-336\" alt=\"\" srcset=\"https:\/\/marseillenapoli.com\/wp-content\/uploads\/2024\/12\/english-1024x366.png 1024w, https:\/\/marseillenapoli.com\/wp-content\/uploads\/2024\/12\/english-300x107.png 300w, https:\/\/marseillenapoli.com\/wp-content\/uploads\/2024\/12\/english-768x275.png 768w, https:\/\/marseillenapoli.com\/wp-content\/uploads\/2024\/12\/english-1536x549.png 1536w, https:\/\/marseillenapoli.com\/wp-content\/uploads\/2024\/12\/english.png 1994w\" sizes=\"(max-width: 1024px) 100vw, 1024px\" \/>\t\t\t\t\t\t\t\t<\/a>\n\t\t\t\t\t\t\t\t\t\t\t\t\t\t\t<\/div>\n\t\t\t\t<\/div>\n\t\t\t\t\t<\/div>\n\t\t\t\t<\/div>\n\t\t<div class=\"elementor-element elementor-element-2263a32 e-grid e-con-boxed e-con e-parent\" data-id=\"2263a32\" data-element_type=\"container\">\n\t\t\t\t\t<div class=\"e-con-inner\">\n\t\t\t\t<div class=\"elementor-element elementor-element-f0cc949 elementor-widget elementor-widget-image\" data-id=\"f0cc949\" data-element_type=\"widget\" data-widget_type=\"image.default\">\n\t\t\t\t<div class=\"elementor-widget-container\">\n\t\t\t\t\t\t\t\t\t\t\t\t\t\t\t\t<a href=\"https:\/\/marseillenapoli.com\/\">\n\t\t\t\t\t\t\t<img loading=\"lazy\" decoding=\"async\" width=\"1000\" height=\"383\" src=\"https:\/\/marseillenapoli.com\/wp-content\/uploads\/2024\/12\/logo-blanc-4.png\" class=\"attachment-large size-large wp-image-155\" alt=\"\" srcset=\"https:\/\/marseillenapoli.com\/wp-content\/uploads\/2024\/12\/logo-blanc-4.png 1000w, https:\/\/marseillenapoli.com\/wp-content\/uploads\/2024\/12\/logo-blanc-4-300x115.png 300w, https:\/\/marseillenapoli.com\/wp-content\/uploads\/2024\/12\/logo-blanc-4-768x294.png 768w\" sizes=\"(max-width: 1000px) 100vw, 1000px\" \/>\t\t\t\t\t\t\t\t<\/a>\n\t\t\t\t\t\t\t\t\t\t\t\t\t\t\t<\/div>\n\t\t\t\t<\/div>\n\t\t\t\t\t<\/div>\n\t\t\t\t<\/div>\n\t\t<div class=\"elementor-element elementor-element-ead768a e-flex e-con-boxed e-con e-parent\" data-id=\"ead768a\" data-element_type=\"container\">\n\t\t\t\t\t<div class=\"e-con-inner\">\n\t\t\t\t<div class=\"elementor-element elementor-element-8fad54a elementor-widget elementor-widget-image\" data-id=\"8fad54a\" data-element_type=\"widget\" data-widget_type=\"image.default\">\n\t\t\t\t<div class=\"elementor-widget-container\">\n\t\t\t\t\t\t\t\t\t\t\t\t\t\t\t<img loading=\"lazy\" decoding=\"async\" width=\"1024\" height=\"381\" src=\"https:\/\/marseillenapoli.com\/wp-content\/uploads\/2024\/12\/infos-pratiques-1024x381.png\" class=\"attachment-large size-large wp-image-634\" alt=\"\" srcset=\"https:\/\/marseillenapoli.com\/wp-content\/uploads\/2024\/12\/infos-pratiques-1024x381.png 1024w, https:\/\/marseillenapoli.com\/wp-content\/uploads\/2024\/12\/infos-pratiques-300x112.png 300w, https:\/\/marseillenapoli.com\/wp-content\/uploads\/2024\/12\/infos-pratiques-768x286.png 768w, https:\/\/marseillenapoli.com\/wp-content\/uploads\/2024\/12\/infos-pratiques-1536x572.png 1536w, https:\/\/marseillenapoli.com\/wp-content\/uploads\/2024\/12\/infos-pratiques-2048x762.png 2048w\" sizes=\"(max-width: 1024px) 100vw, 1024px\" \/>\t\t\t\t\t\t\t\t\t\t\t\t\t\t\t<\/div>\n\t\t\t\t<\/div>\n\t\t\t\t\t<\/div>\n\t\t\t\t<\/div>\n\t\t<div class=\"elementor-element elementor-element-1b3245d e-grid e-con-boxed e-con e-parent\" data-id=\"1b3245d\" data-element_type=\"container\" data-settings=\"{&quot;background_background&quot;:&quot;slideshow&quot;,&quot;background_slideshow_slide_transition&quot;:&quot;slide_right&quot;,&quot;background_slideshow_gallery&quot;:[],&quot;background_slideshow_loop&quot;:&quot;yes&quot;,&quot;background_slideshow_slide_duration&quot;:5000,&quot;background_slideshow_transition_duration&quot;:500}\">\n\t\t\t\t\t<div class=\"e-con-inner\">\n\t\t\t\t<div class=\"elementor-element elementor-element-0be569f elementor-widget__width-initial e-transform elementor-invisible elementor-widget elementor-widget-text-editor\" data-id=\"0be569f\" data-element_type=\"widget\" data-settings=\"{&quot;_animation&quot;:&quot;fadeIn&quot;,&quot;_transform_scale_effect&quot;:{&quot;unit&quot;:&quot;px&quot;,&quot;size&quot;:1.1,&quot;sizes&quot;:[]},&quot;_transform_scale_effect_tablet&quot;:{&quot;unit&quot;:&quot;px&quot;,&quot;size&quot;:&quot;&quot;,&quot;sizes&quot;:[]},&quot;_transform_scale_effect_mobile&quot;:{&quot;unit&quot;:&quot;px&quot;,&quot;size&quot;:&quot;&quot;,&quot;sizes&quot;:[]}}\" data-widget_type=\"text-editor.default\">\n\t\t\t\t<div class=\"elementor-widget-container\">\n\t\t\t\t\t\t\t\t\t<p class=\"p1\" style=\"text-align: left;\">\u00a0<\/p><p class=\"p1\" style=\"text-align: left;\"><strong>Pr\u00e9sentation<\/strong><\/p><ul class=\"ul1\" style=\"text-align: left;\"><li class=\"li1\">Parcours : Environ 1400 km \/ 15000 D+<\/li><li class=\"li1\">Date : 27 septembre au 3 octobre 2026 (date limite d\u2019arriv\u00e9e)<\/li><li class=\"li1\">Inscription en solo ou en paire<\/li><li class=\"li1\">Frais d&rsquo;inscription + adh\u00e9sion a l&rsquo;asso 140\u20ac\/personne<\/li><li class=\"li1\">D\u00e9part : Marseille<\/li><li class=\"li1\">Arriv\u00e9e : Naples<\/li><\/ul><p class=\"p1\" style=\"text-align: left;\"><strong>Organisation<\/strong><\/p><ul style=\"text-align: left;\"><li>Inscription \u00e0 partir du 25 janvier sur le site Helloasso<\/li><li>Autonomie compl\u00e8te pour le parcours, l\u2019h\u00e9bergement, l\u2019alimentation, les v\u00eatements, batterie GPS<\/li><li>Parcours obligatoire<\/li><li>Le traceur GPS est fourni par l\u2019organisation. Sur le site du suivi, il est affich\u00e9 l\u2019autonomie de la batterie.<\/li><li>Casque, gilet fluorescent, \u00e9clairage avant et arri\u00e8re obligatoires<\/li><li>Apr\u00e8s la validation de votre inscription, l\u2019organisation vous fera parvenir la trace GPX<\/li><li>En cas d\u2019abandon, chaque participant\u00b7e sera autonome pour rentrer<\/li><\/ul><p style=\"text-align: left;\">Nous ajouterons ici plus d&rsquo;informations prochainement. N&rsquo;h\u00e9sitez pas \u00e0 nous contacter si vous avez des questions.<\/p>\t\t\t\t\t\t\t\t<\/div>\n\t\t\t\t<\/div>\n\t\t\t\t\t<\/div>\n\t\t\t\t<\/div>\n\t\t<div class=\"elementor-element elementor-element-2ff5452 e-flex e-con-boxed e-con e-parent\" data-id=\"2ff5452\" data-element_type=\"container\">\n\t\t\t\t\t<div class=\"e-con-inner\">\n\t\t\t\t<div class=\"elementor-element elementor-element-a27f661 e-transform elementor-widget elementor-widget-image\" data-id=\"a27f661\" data-element_type=\"widget\" data-settings=\"{&quot;_transform_scale_effect_hover&quot;:{&quot;unit&quot;:&quot;px&quot;,&quot;size&quot;:1.1,&quot;sizes&quot;:[]},&quot;_transform_scale_effect_hover_mobile&quot;:{&quot;unit&quot;:&quot;px&quot;,&quot;size&quot;:1.1,&quot;sizes&quot;:[]},&quot;_transform_scale_effect_hover_tablet&quot;:{&quot;unit&quot;:&quot;px&quot;,&quot;size&quot;:&quot;&quot;,&quot;sizes&quot;:[]}}\" data-widget_type=\"image.default\">\n\t\t\t\t<div class=\"elementor-widget-container\">\n\t\t\t\t\t\t\t\t\t\t\t\t\t\t\t\t<a href=\"https:\/\/marseillenapoli.com\/?page_id=721\">\n\t\t\t\t\t\t\t<img loading=\"lazy\" decoding=\"async\" width=\"1024\" height=\"381\" src=\"https:\/\/marseillenapoli.com\/wp-content\/uploads\/2024\/12\/inscription-1024x381.png\" class=\"attachment-large size-large wp-image-635\" alt=\"\" srcset=\"https:\/\/marseillenapoli.com\/wp-content\/uploads\/2024\/12\/inscription-1024x381.png 1024w, https:\/\/marseillenapoli.com\/wp-content\/uploads\/2024\/12\/inscription-300x112.png 300w, https:\/\/marseillenapoli.com\/wp-content\/uploads\/2024\/12\/inscription-768x286.png 768w, https:\/\/marseillenapoli.com\/wp-content\/uploads\/2024\/12\/inscription-1536x572.png 1536w, https:\/\/marseillenapoli.com\/wp-content\/uploads\/2024\/12\/inscription-2048x762.png 2048w\" sizes=\"(max-width: 1024px) 100vw, 1024px\" \/>\t\t\t\t\t\t\t\t<\/a>\n\t\t\t\t\t\t\t\t\t\t\t\t\t\t\t<\/div>\n\t\t\t\t<\/div>\n\t\t\t\t\t<\/div>\n\t\t\t\t<\/div>\n\t\t<div class=\"elementor-element elementor-element-6b3adbe4 e-grid e-con-boxed e-con e-parent\" data-id=\"6b3adbe4\" data-element_type=\"container\">\n\t\t\t\t\t<div class=\"e-con-inner\">\n\t\t\t\t<div class=\"elementor-element elementor-element-15ebf7c6 e-transform elementor-widget elementor-widget-image\" data-id=\"15ebf7c6\" data-element_type=\"widget\" data-settings=\"{&quot;_transform_scale_effect_hover&quot;:{&quot;unit&quot;:&quot;px&quot;,&quot;size&quot;:1.1,&quot;sizes&quot;:[]},&quot;_transform_scale_effect_hover_tablet&quot;:{&quot;unit&quot;:&quot;px&quot;,&quot;size&quot;:&quot;&quot;,&quot;sizes&quot;:[]},&quot;_transform_scale_effect_hover_mobile&quot;:{&quot;unit&quot;:&quot;px&quot;,&quot;size&quot;:&quot;&quot;,&quot;sizes&quot;:[]}}\" data-widget_type=\"image.default\">\n\t\t\t\t<div class=\"elementor-widget-container\">\n\t\t\t\t\t\t\t\t\t\t\t\t\t\t\t\t<a href=\"https:\/\/marseillenapoli.com\/?page_id=869\">\n\t\t\t\t\t\t\t<img loading=\"lazy\" decoding=\"async\" width=\"1024\" height=\"276\" src=\"https:\/\/marseillenapoli.com\/wp-content\/uploads\/2025\/01\/partenaires-1024x276.png\" class=\"attachment-large size-large wp-image-750\" alt=\"\" srcset=\"https:\/\/marseillenapoli.com\/wp-content\/uploads\/2025\/01\/partenaires-1024x276.png 1024w, https:\/\/marseillenapoli.com\/wp-content\/uploads\/2025\/01\/partenaires-300x81.png 300w, https:\/\/marseillenapoli.com\/wp-content\/uploads\/2025\/01\/partenaires-768x207.png 768w, https:\/\/marseillenapoli.com\/wp-content\/uploads\/2025\/01\/partenaires-1536x414.png 1536w, https:\/\/marseillenapoli.com\/wp-content\/uploads\/2025\/01\/partenaires.png 1716w\" sizes=\"(max-width: 1024px) 100vw, 1024px\" \/>\t\t\t\t\t\t\t\t<\/a>\n\t\t\t\t\t\t\t\t\t\t\t\t\t\t\t<\/div>\n\t\t\t\t<\/div>\n\t\t\t\t<div class=\"elementor-element elementor-element-5c923bac e-transform elementor-widget elementor-widget-image\" data-id=\"5c923bac\" data-element_type=\"widget\" data-settings=\"{&quot;_transform_scale_effect_hover&quot;:{&quot;unit&quot;:&quot;px&quot;,&quot;size&quot;:1.1,&quot;sizes&quot;:[]},&quot;_transform_scale_effect_hover_tablet&quot;:{&quot;unit&quot;:&quot;px&quot;,&quot;size&quot;:&quot;&quot;,&quot;sizes&quot;:[]},&quot;_transform_scale_effect_hover_mobile&quot;:{&quot;unit&quot;:&quot;px&quot;,&quot;size&quot;:&quot;&quot;,&quot;sizes&quot;:[]}}\" data-widget_type=\"image.default\">\n\t\t\t\t<div class=\"elementor-widget-container\">\n\t\t\t\t\t\t\t\t\t\t\t\t\t\t\t\t<a href=\"https:\/\/www.instagram.com\/marseille.napoli\/?hl=fr\">\n\t\t\t\t\t\t\t<img loading=\"lazy\" decoding=\"async\" width=\"611\" height=\"611\" src=\"https:\/\/marseillenapoli.com\/wp-content\/uploads\/2024\/12\/insta.png\" class=\"attachment-large size-large wp-image-348\" alt=\"\" srcset=\"https:\/\/marseillenapoli.com\/wp-content\/uploads\/2024\/12\/insta.png 611w, https:\/\/marseillenapoli.com\/wp-content\/uploads\/2024\/12\/insta-300x300.png 300w, https:\/\/marseillenapoli.com\/wp-content\/uploads\/2024\/12\/insta-150x150.png 150w\" sizes=\"(max-width: 611px) 100vw, 611px\" \/>\t\t\t\t\t\t\t\t<\/a>\n\t\t\t\t\t\t\t\t\t\t\t\t\t\t\t<\/div>\n\t\t\t\t<\/div>\n\t\t\t\t<div class=\"elementor-element elementor-element-7629745f e-transform elementor-widget elementor-widget-image\" data-id=\"7629745f\" data-element_type=\"widget\" data-settings=\"{&quot;_transform_scale_effect_hover&quot;:{&quot;unit&quot;:&quot;px&quot;,&quot;size&quot;:1.1,&quot;sizes&quot;:[]},&quot;_transform_scale_effect_hover_tablet&quot;:{&quot;unit&quot;:&quot;px&quot;,&quot;size&quot;:&quot;&quot;,&quot;sizes&quot;:[]},&quot;_transform_scale_effect_hover_mobile&quot;:{&quot;unit&quot;:&quot;px&quot;,&quot;size&quot;:&quot;&quot;,&quot;sizes&quot;:[]}}\" data-widget_type=\"image.default\">\n\t\t\t\t<div class=\"elementor-widget-container\">\n\t\t\t\t\t\t\t\t\t\t\t\t\t\t\t\t<a href=\"https:\/\/marseillenapoli.com\/?page_id=1073\">\n\t\t\t\t\t\t\t<img loading=\"lazy\" decoding=\"async\" width=\"611\" height=\"611\" src=\"https:\/\/marseillenapoli.com\/wp-content\/uploads\/2024\/12\/youtube-logo.png\" class=\"attachment-large size-large wp-image-346\" alt=\"\" srcset=\"https:\/\/marseillenapoli.com\/wp-content\/uploads\/2024\/12\/youtube-logo.png 611w, https:\/\/marseillenapoli.com\/wp-content\/uploads\/2024\/12\/youtube-logo-300x300.png 300w, https:\/\/marseillenapoli.com\/wp-content\/uploads\/2024\/12\/youtube-logo-150x150.png 150w\" sizes=\"(max-width: 611px) 100vw, 611px\" \/>\t\t\t\t\t\t\t\t<\/a>\n\t\t\t\t\t\t\t\t\t\t\t\t\t\t\t<\/div>\n\t\t\t\t<\/div>\n\t\t\t\t<div class=\"elementor-element elementor-element-2ca1b216 e-transform elementor-widget elementor-widget-image\" data-id=\"2ca1b216\" data-element_type=\"widget\" data-settings=\"{&quot;_transform_scale_effect_hover&quot;:{&quot;unit&quot;:&quot;px&quot;,&quot;size&quot;:1.1,&quot;sizes&quot;:[]},&quot;_transform_scale_effect_hover_tablet&quot;:{&quot;unit&quot;:&quot;px&quot;,&quot;size&quot;:&quot;&quot;,&quot;sizes&quot;:[]},&quot;_transform_scale_effect_hover_mobile&quot;:{&quot;unit&quot;:&quot;px&quot;,&quot;size&quot;:&quot;&quot;,&quot;sizes&quot;:[]}}\" data-widget_type=\"image.default\">\n\t\t\t\t<div class=\"elementor-widget-container\">\n\t\t\t\t\t\t\t\t\t\t\t\t\t\t\t\t<a href=\"mailto:contact@marseillenapoli.com\">\n\t\t\t\t\t\t\t<img loading=\"lazy\" decoding=\"async\" width=\"1024\" height=\"381\" src=\"https:\/\/marseillenapoli.com\/wp-content\/uploads\/2024\/12\/contact-1-1024x381.png\" class=\"attachment-large size-large wp-image-177\" alt=\"\" srcset=\"https:\/\/marseillenapoli.com\/wp-content\/uploads\/2024\/12\/contact-1-1024x381.png 1024w, https:\/\/marseillenapoli.com\/wp-content\/uploads\/2024\/12\/contact-1-300x112.png 300w, https:\/\/marseillenapoli.com\/wp-content\/uploads\/2024\/12\/contact-1-768x286.png 768w, https:\/\/marseillenapoli.com\/wp-content\/uploads\/2024\/12\/contact-1-1536x572.png 1536w, https:\/\/marseillenapoli.com\/wp-content\/uploads\/2024\/12\/contact-1-2048x762.png 2048w\" sizes=\"(max-width: 1024px) 100vw, 1024px\" \/>\t\t\t\t\t\t\t\t<\/a>\n\t\t\t\t\t\t\t\t\t\t\t\t\t\t\t<\/div>\n\t\t\t\t<\/div>\n\t\t\t\t\t<\/div>\n\t\t\t\t<\/div>\n\t\t\t\t<\/div>\n\t\t","protected":false},"excerpt":{"rendered":"<p>\u00a0 Pr\u00e9sentation Parcours : Environ 1400 km \/ 15000 D+ Date : 27 septembre au 3 octobre 2026 (date limite d\u2019arriv\u00e9e) Inscription en solo ou en paire Frais d&rsquo;inscription + adh\u00e9sion a l&rsquo;asso 140\u20ac\/personne D\u00e9part : Marseille Arriv\u00e9e : Naples Organisation Inscription \u00e0 partir du 25 janvier sur le site Helloasso Autonomie compl\u00e8te pour le [&hellip;]<\/p>\n","protected":false},"author":1,"featured_media":0,"parent":0,"menu_order":0,"comment_status":"closed","ping_status":"closed","template":"page-no-separators","meta":{"footnotes":""},"class_list":["post-727","page","type-page","status-publish","hentry"],"_links":{"self":[{"href":"https:\/\/marseillenapoli.com\/index.php?rest_route=\/wp\/v2\/pages\/727","targetHints":{"allow":["GET"]}}],"collection":[{"href":"https:\/\/marseillenapoli.com\/index.php?rest_route=\/wp\/v2\/pages"}],"about":[{"href":"https:\/\/marseillenapoli.com\/index.php?rest_route=\/wp\/v2\/types\/page"}],"author":[{"embeddable":true,"href":"https:\/\/marseillenapoli.com\/index.php?rest_route=\/wp\/v2\/users\/1"}],"replies":[{"embeddable":true,"href":"https:\/\/marseillenapoli.com\/index.php?rest_route=%2Fwp%2Fv2%2Fcomments&post=727"}],"version-history":[{"count":57,"href":"https:\/\/marseillenapoli.com\/index.php?rest_route=\/wp\/v2\/pages\/727\/revisions"}],"predecessor-version":[{"id":1200,"href":"https:\/\/marseillenapoli.com\/index.php?rest_route=\/wp\/v2\/pages\/727\/revisions\/1200"}],"wp:attachment":[{"href":"https:\/\/marseillenapoli.com\/index.php?rest_route=%2Fwp%2Fv2%2Fmedia&parent=727"}],"curies":[{"name":"wp","href":"https:\/\/api.w.org\/{rel}","templated":true}]}}